{"id":6,"date":"2017-03-17T09:04:05","date_gmt":"2017-03-17T09:04:05","guid":{"rendered":"https:\/\/eu-historians.org\/?page_id=6"},"modified":"2023-08-24T08:15:29","modified_gmt":"2023-08-24T08:15:29","slug":"home-page","status":"publish","type":"page","link":"https:\/\/eu-historians.org\/","title":{"rendered":"Presentation"},"content":{"rendered":"<p><b>The European Union Liaison Committee of Historians<\/b> came into being in 1982 as a result of an important international symposium that the Commission had organized in Luxembourg to launch historical research on European integration. The committee is composed of historians of the European Union member countries who work on contemporary history.<\/p>\n<p>The Liaison Committee:<\/p>\n<ul>\n<li>gathers and conveys information about work on European history after the Second World War<\/li>\n<li>advises the European Union on research projects concerning contemporary European history. Thus the Liaison Committee was commissioned to make publicly available the archives of the Community institutions<\/li>\n<li>enables researchers to make better use of the archival sources<\/li>\n<li>promotes research meetings to get an update of work in progress and to stimulate new research: seven research conferences have been organized and their proceedings published.<\/li>\n<\/ul>\n<p>The Journal of European Integration History &#8211; Revue d&#8217;histoire de l&#8217;int\u00e9gration europ\u00e9enne &#8211; Zeitschrift f\u00fcr Geschichte der europ\u00e4ischen Integration, is in line with the preoccupations of the Liaison Committee. Being the first history journal to deal exclusively with the history of\u00a0 European integration, the Journal offers the increasing number of young historians devoting their research to contemporary Europe, a permanent forum.<\/p>\n<p>The Liaison Committee works completely independently and according to historians&#8217; critical method.<\/p>\n<p><b>Le Groupe de liaison des professeurs d&#8217;histoire contemporaine aupr\u00e8s de la Commission des Communaut\u00e9s europ\u00e9ennes<\/b> s&#8217;est constitu\u00e9 en 1982 \u00e0 la suite d&#8217;un grand colloque que la Commission avait organis\u00e9 \u00e0 Luxembourg pour lancer la recherche historique sur la construction europ\u00e9enne. Il regroupe des professeurs d&#8217;universit\u00e9 des pays membres de l&#8217;Union europ\u00e9enne, sp\u00e9cialistes d&#8217;histoire contemporaine.<\/p>\n<p>Le Groupe de liaison a pour mission:<\/p>\n<ul>\n<li>de diffuser l&#8217;informations sur les travaux portant sur l&#8217;histoire de l&#8217;Europe apr\u00e8s la Seconde Guerre mondiale<\/li>\n<li>de conseiller l&#8217;Union europ\u00e9enne sur les actions scientifiques \u00e0 entreprendre avec son appui; ainsi le Groupe de liaison a assur\u00e9 une mission concernant la mise \u00e0 la disposition du public des archives des institutions communautaires<\/li>\n<li>d&#8217;aider \u00e0 une meilleure utilisation par les chercheurs des moyens de recherche mis \u00e0 leur disposition (archives, sources orales &#8230;)<\/li>\n<li>d&#8217;encourager des rencontres scientifiques afin de faire le point sur les connaissances acquises et de susciter de nouvelles recherches: sept grands colloques ont \u00e9t\u00e9 organis\u00e9s et leurs actes publi\u00e9s.<\/li>\n<\/ul>\n<p>L&#8217;\u00e9dition du Journal of European Integration History &#8211; Revue d&#8217;histoire de l&#8217;int\u00e9gration europ\u00e9enne &#8211; Zeitschrift f\u00fcr Geschichte der europ\u00e4ischen Integration se situe dans le droit fil des pr\u00e9occupations du Groupe de liaison. Premi\u00e8re revue d&#8217;histoire \u00e0 se consacrer exclusivement \u00e0 l&#8217;histoire de la construction europ\u00e9enne, le Journal se propose de fournir un forum permanent au nombre croissant de jeunes historiens vouant leurs recherches \u00e0 l&#8217;Europe contemporaine.<\/p>\n<p>Le Groupe de liaison organise ses colloques et publications en toute ind\u00e9pendance et conform\u00e9ment \u00e0 la m\u00e9thode critique qui est celle des historiens.<\/p>\n","protected":false},"excerpt":{"rendered":"<p>The European Union Liaison Committee of Historians came into being in 1982 as a result of an important international symposium that the Commission had organized in Luxembourg to launch historical research on European integration. The committee is composed of historians <a href=\"https:\/\/eu-historians.org\/\" class=\"read-more\">Read More &#8230;<\/a><\/p>\n","protected":false},"author":4,"featured_media":0,"parent":0,"menu_order":0,"comment_status":"closed","ping_status":"closed","template":"","meta":{"footnotes":""},"class_list":["post-6","page","type-page","status-publish","hentry"],"_links":{"self":[{"href":"https:\/\/eu-historians.org\/index.php?rest_route=\/wp\/v2\/pages\/6","targetHints":{"allow":["GET"]}}],"collection":[{"href":"https:\/\/eu-historians.org\/index.php?rest_route=\/wp\/v2\/pages"}],"about":[{"href":"https:\/\/eu-historians.org\/index.php?rest_route=\/wp\/v2\/types\/page"}],"author":[{"embeddable":true,"href":"https:\/\/eu-historians.org\/index.php?rest_route=\/wp\/v2\/users\/4"}],"replies":[{"embeddable":true,"href":"https:\/\/eu-historians.org\/index.php?rest_route=%2Fwp%2Fv2%2Fcomments&post=6"}],"version-history":[{"count":5,"href":"https:\/\/eu-historians.org\/index.php?rest_route=\/wp\/v2\/pages\/6\/revisions"}],"predecessor-version":[{"id":44,"href":"https:\/\/eu-historians.org\/index.php?rest_route=\/wp\/v2\/pages\/6\/revisions\/44"}],"wp:attachment":[{"href":"https:\/\/eu-historians.org\/index.php?rest_route=%2Fwp%2Fv2%2Fmedia&parent=6"}],"curies":[{"name":"wp","href":"https:\/\/api.w.org\/{rel}","templated":true}]}}